when 122 is divided by 11?
1
Calculate the remainder when 3316 is divided by 6.
4
Calculate the remainder when 3039 is divided by 19.
18
What is the remainder when 158 is divided by 53?
52
Calculate the remainder when 16 is divided by 8.
0
Calculate the remainder when 55 is divided by 19.
17
What is the remainder when 115 is divided by 48?
19
What is the remainder when 167 is divided by 128?
39
Calculate the remainder when 5038 is divided by 718.
12
What is the remainder when 625 is divided by 78?
1
What is the remainder when 7702 is divided by 188?
182
Calculate the remainder when 6582 is divided by 1314.
12
Calculate the remainder when 5059 is divided by 35.
19
Calculate the remainder when 583 is divided by 96.
7
What is the remainder when 1951 is divided by 115?
111
Calculate the remainder when 1368 is divided by 92.
80
Calculate the remainder when 846 is divided by 418.
10
What is the remainder when 48 is divided by 7?
6
What is the remainder when 52 is divided by 29?
23
Calculate the remainder when 616 is divided by 2.
0
What is the remainder when 136 is divided by 23?
21
Calculate the remainder when 64 is divided by 33.
31
What is the remainder when 3395 is divided by 377?
2
Calculate the remainder when 240 is divided by 53.
28
Calculate the remainder when 2093 is divided by 175.
168
What is the remainder when 981 is divided by 15?
6
Calculate the remainder when 233 is divided by 191.
42
What is the remainder when 135 is divided by 16?
7
Calculate the remainder when 529 is divided by 172.
13
What is the remainder when 195 is divided by 18?
15
Calculate the remainder when 127 is divided by 5.
2
Calculate the remainder when 478 is divided by 22.
16
What is the remainder when 2590 is divided by 370?
0
Calculate the remainder when 48 is divided by 26.
22
What is the remainder when 37 is divided by 20?
17
What is the remainder when 929 is divided by 15?
14
Calculate the remainder when 370 is divided by 193.
177
Calculate the remainder when 29 is divided by 11.
7
What is the remainder when 119 is divided by 81?
38
Calculate the remainder when 658 is divided by 66.
64
Calculate the remainder when 65 is divided by 65.
0
Calculate the remainder when 1291 is divided by 38.
37
What is the remainder when 166 is divided by 48?
22
What is the remainder when 153 is divided by 22?
21
What is the remainder when 199 is divided by 47?
11
Calculate the remainder when 514 is divided by 254.
6
What is the remainder when 222 is divided by 70?
12
Calculate the remainder when 51 is divided by 35.
16
What is the remainder when 1270 is divided by 67?
64
Calculate the remainder when 10124 is divided by 48.
44
Calculate the remainder when 690 is divided by 21.
18
Calculate the remainder when 207 is divided by 21.
18
What is the remainder when 525 is divided by 33?
30
Calculate the remainder when 302 is divided by 28.
22
Calculate the remainder when 1448 is divided by 464.
56
What is the remainder when 3158 is divided by 19?
4
Calculate the remainder when 6373 is divided by 20.
13
What is the remainder when 206 is divided by 140?
66
What is the remainder when 47 is divided by 2?
1
What is the remainder when 209 is divided by 44?
33
What is the remainder when 2845 is divided by 420?
325
What is the remainder when 150 is divided by 39?
33
What is the remainder when 368 is divided by 126?
116
Calculate the remainder when 2911 is divided by 36.
31
What is the remainder when 31 is divided by 18?
13
What is the remainder when 9691 is divided by 34?
1
Calculate the remainder when 446 is divided by 109.
10
Calculate the remainder when 461 is divided by 89.
16
Calculate the remainder when 760 is divided by 86.
72
What is the remainder when 125 is divided by 23?
10
Calculate the remainder when 22782 is divided by 155.
152
Calculate the remainder when 1077 is divided by 85.
57
Calculate the remainder when 52 is divided by 19.
14
Calculate the remainder when 526 is divided by 19.
13
Calculate the remainder when 55 is divided by 12.
7
Calculate the remainder when 45 is divided by 4.
1
Calculate the remainder when 115 is divided by 15.
10
What is the remainder when 94 is divided by 37?
20
What is the remainder when 1343 is divided by 221?
17
Calculate the remainder when 239 is divided by 24.
23
Calculate the remainder when 2937 is divided by 7.
4
What is the remainder when 152 is divided by 23?
14
Calculate the remainder when 1112 is divided by 159.
158
What is the remainder when 753 is divided by 61?
21
What is the remainder when 135 is divided by 65?
5
Calculate the remainder when 109 is divided by 67.
42
What is the remainder when 132 is divided by 7?
6
What is the remainder when 346 is divided by 154?
38
What is the remainder when 647 is divided by 202?
41
Calculate the remainder when 582 is divided by 117.
114
Calculate the remainder when 925 is divided by 9.
7
What is the remainder when 2324 is divided by 75?
74
What is the remainder when 648 is divided by 69?
27
Calculate the remainder when 3037 is divided by 7.
6
Calculate the remainder when 19165 is divided by 16.
13
What is the remainder when 866 is divided by 239?
149
Calculate the remainder when 519 is divided by 130.
129
What is the remainder when 1310 is divided by 69?
68
Calculate the remainder when 174 is divided by 59.
56
What is the remainder when 70 is divided by 60?
10
What is the remainder when 148 is divided by 93?
55
Calculate the remainder when 331 is divided by 163.
5
What is the remainder when 4733 is divided by 60?
53
Calculate the remainder when 4268 is divided by 14.
12
What is the remainder when 166 is divided by 14?
12
What is the remainder when 351 is divided by 73?
59
Calculate the remainder when 40 is divided by 3.
1
What is the remainder when 6691 is divided by 124?
119
What is the remainder when 8518 is divided by 20?
18
What is the remainder when 150 is divided by 17?
14
What is the remainder when 25287 is divided by 109?
108
Calculate the remainder when 714 is divided by 30.
24
What is the remainder when 234 is divided by 22?
14
Calculate the remainder when 146 is divided by 29.
1
Calculate the remainder when 421 is divided by 62.
49
Calculate the remainder when 520 is divided by 44.
36
What is the remainder when 28 is divided by 6?
4
Calculate the remainder when 239 is divided by 22.
19
Calculate the remainder when 14096 is divided by 266.
264
Calculate the remainder when 108 is divided by 99.
9
Calculate the remainder when 254 is divided by 15.
14
Calculate the remainder when 816 is divided by 7.
4
What is the remainder when 920 is divided by 128?
24
Calculate the remainder when 316 is divided by 40.
36
What is the remainder when 209 is divided by 18?
11
Calculate the remainder when 385 is divided by 102.
79
What is the remainder when 2625 is divided by 431?
39
Calculate the remainder when 49043 is divided by 67.
66
Calculate the remainder when 273 is divided by 270.
3
What is the remainder when 17 is divided by 9?
8
What is the remainder when 2757 is divided by 550?
7
What is the remainder when 212 is divided by 103?
6
Calculate the remainder when 115 is divided by 28.
3
What is the remainder when 2181 is divided by 28?
25
What is the remainder when 110 is divided by 10?
0
What is the remainder when 2051 is divided by 36?
35
Calculate the remainder when 15775 is divided by 14.
11
What is the remainder when 6321 is divided by 6?
3
Calculate the remainder when 5003 is divided by 358.
349
What is the remainder when 165 is divided by 8?
5
What is the remainder when 2247 is divided by 118?
5
What is the remainder when 937 is divided by 67?
66
What is the remainder when 318 is divided by 40?
38
Calculate the remainder when 68 is divided by 20.
8
Calculate the remainder when 509 is divided by 37.
28
Calculate the remainder when 165 is divided by 6.
3
Calculate the remainder when 2813 is divided by 14.
13
Calculate the remainder when 731 is divided by 35.
31
What is the remainder when 5239 is divided by 10?
9
What is the remainder when 2250 is divided by 449?
5
Calculate the remainder when 1945 is divided by 51.
7
What is the remainder when 14298 is divided by 130?
128
What is the remainder when 26434 is divided by 12?
10
What is the remainder when 402 is divided by 53?
31
What is the remainde